 2*j - 29, -j - 2*c - q = -0*c. Calculate the highest common divisor of j and 1.
1
Suppose 0 = -4*m + 10 - 2. Suppose -m*v - 80 = -3*v. Let w be ((-36)/15)/((-2)/(80/6)). What is the greatest common factor of v and w?
16
Let x be 5*(0 - (-14)/5). Suppose -58 = -11*n + 96. Calculate the greatest common factor of n and x.
14
Let a be 2/(8/14)*2. Let c be (a - (-2 + 1))*2. Suppose -v = v - c. What is the greatest common divisor of v and 8?
8
Suppose -3*z + 4*a + 29 = -2*z, 0 = 2*z + 5*a - 19. What is the greatest common factor of z and 17?
17
Let g be (-2)/5*10*-7. Let s be (-36)/27*42/(-4). What is the highest common factor of s and g?
14
Let x(u) = -u + 20. Let f be (0/3)/(0 + 1). Suppose 4*s = 3*h - s - 17, 5*h - 5*s - 35 = f. Let g be x(h). What is the greatest common divisor of g and 11?
11
Suppose 2*w = -3*w + 125. Suppose w = -4*h + 3*n + 118, 3*n = 3*h - 72. Calculate the greatest common factor of 231 and h.
21
Suppose 693 = 5*x - 2*i - 155, -5*x + 845 = -5*i. Calculate the greatest common factor of 10 and x.
10
Suppose -3 = -c + 13. Let d = 60 - c. What is the greatest common factor of d and 4?
4
Let t(s) = 2*s**3 - 8*s**2 + 4*s - 4. Let u be t(6). Suppose g - u = -g - 5*i, 0 = 5*g - 5*i - 340. What is the greatest common divisor of g and 24?
24
Suppose -2*u = 5*h - 47 - 9, 62 = 5*h - u. Calculate the highest common factor of 156 and h.
12
Let f(x) = 3*x**2 - 3*x - 4. Let q be f(-4). Let h = 4 + -3. Let t be (1 - h/1) + 7. Calculate the highest common divisor of t and q.
7
Let v(l) = 3*l**2 + 3*l - 9. Let x be v(-4). Suppose 5*u + 2*b - 7 = 0, 0*u + 5*b = -u - 17. What is the greatest common divisor of x and u?
3
Let z(l) = -8*l + 5. Let i be z(-2). Let m = -12 + i. What is the highest common factor of m and 9?
9
Suppose -2*w - 2*q = 0, 3*w + w - 2*q = 18. Suppose o - w*o = -2*c + 136, o + 204 = 3*c. Calculate the greatest common factor of c and 17.
17
Let f(r) = -r**3 + 12*r**2 - 13*r + 6. Let o be f(9). Calculate the highest common factor of 12 and o.
12
Let v(d) = 4*d - 2. Let l be v(2). Calculate the greatest common factor of l and 60.
6
Let u(k) = 0*k**3 - 10*k**2 + 8 - k**3 + 4. Let b be u(-10). Calculate the greatest common factor of 2 and b.
2
Let w be (-62 + -5 - -2)*(-2)/5. What is the greatest common divisor of w and 182?
26
Let b = 29 + 10. What is the highest common factor of b and 39?
39
Let h be (-2)/3 + 207/27. Let a be 2 + h/(14/44). Let r = -4 + 16. What is the highest common divisor of r and a?
12
Suppose -2*l - 5*d - 18 = -0*l, -8 = 4*l + 3*d. Let g be 1*4 + 13 + -10. What is the highest common factor of l and g?
1
Suppose -40 = -2*p - 5*d, -10 = p - 6*d + d. Let i be (4 - p)/(3/(-140)). Let c be ((-1)/2)/((-4)/i). What is the greatest common divisor of 14 and c?
7
Let k be ((-18)/10)/((-3)/10). Suppose 5*g = 5*b + 5, -4*b - 3*g + 36 = g. Suppose -3*t - 12 = -b*t. What is the greatest common factor of k and t?
6
Let f(n) = n**3 - 7*n**2 + 10*n + 1. Let r be f(6). Calculate the highest common divisor of r and 125.
25
Let c(h) = h**3 + 11. Let r be c(0). Suppose 5*n = 3*n + 24. Let t be -1 - (n*2)/(-2). What is the highest common factor of t and r?
11
Let f(b) = -24*b + 81*b + 120*b - 1. Let q be f(1). Suppose -t + 61 = -4*z, 4*t + 0*z = -z + q. Calculate the highest common factor of 30 and t.
15
Let g(x) be the third derivative of -x**5/60 + 5*x**4/12 - x**3/6 - 7*x**2. Let q be g(9). What is the greatest common factor of q and 1?
1
Let k be (-4)/6*(-1 + -8). Let f = -90 - -150. Calculate the greatest common divisor of f and k.
6
Let n = 21 + -12. Suppose -27 = -4*q + n. Let j(b) = b**3 + 5*b**2 + 3*b - 1. Let l be j(-4). Calculate the greatest common factor of l and q.
3
Suppose -4*a - 66 = -5*q - 179, 5*a - q = 115. Let u be (-7 - -3 - -2)*-11. What is the highest common factor of u and a?
22
Let n(g) = -38*g. Let s be n(8). Let p = 439 + s. What is the greatest common divisor of p and 15?
15
Let i = -4 + 6. Suppose 76 = i*c - 70. Suppose 5*m + c = 3*s, -s + 15 + 11 = -2*m. Calculate the greatest common factor of 176 and s.
16
Let f(q) = q**2 - 13*q + 8. Let j be f(16). What is the highest common divisor of j and 28?
28
Let i(v) = -v**3 + v**2 + 2. Let f be i(-2). Calculate the greatest common divisor of f and 56.
14
Let u = -23 - -32. Suppose u*q = 13*q - 24. Suppose 0*h = 2*h - 24. Calculate the greatest common divisor of q and h.
6
Let t(u) = 8*u**3 - 2*u**2 + u + 2. Let z be t(2). What is the highest common divisor of 40 and z?
20
Let q(h) = -h - 4. Let x be q(-10). Suppose 2*t - 5*z = 38, -x*z + 38 = 2*t - 4*z. What is the highest common divisor of t and 57?
19
Let i be ((-12)/(-15))/(2/45). Let a be 10/45 + 194/i. Calculate the greatest common factor of a and 121.
11
Suppose -4*q + 3*j = -j - 32, -4*j = 3*q + 4. Let a = 16 - q. Calculate the greatest common factor of 24 and a.
12
Let j = -123 - -172. Suppose x - 3*o = j, -2*o - 8 = 2*x - 122. What is the greatest common divisor of 11 and x?
11
Let d(x) be the third derivative of x**6/120 + x**5/12 - x**4/12 - x**2. Let m be d(-3). Calculate the greatest common divisor of m and 6.
6
Let z(a) = 61*a - 12. Let l be z(8). Suppose 2*m + l = 6*m. Suppose 5*s - 1 = 84. What is the greatest common divisor of m and s?
17
Let w(r) = r**2 + 5. Let d be w(-11). Suppose 0 = -3*z - 4*k + 38, 0*z - 3*z - k + 50 = 0. What is the highest common factor of d and z?
18
Let p be (-2 - -3)/(7/56). What is the greatest common factor of 24 and p?
8
Let t = 9 + 3. Suppose t - 3 = g. Suppose -5*u + 33 = -462. Calculate the highest common factor of g and u.
9
Let h(w) = w**3 + 11*w**2 + w + 5. Let b be h(-5). What is the highest common factor of b and 15?
15
Suppose 2*s + 157 = 3*n + 2*n, 0 = 2*n + 5*s - 86. Calculate the highest common divisor of n and 22.
11
Let w = 1 - -2. Suppose -2*y - 9 = -w*y. What is the highest common factor of 27 and y?
9
Let s be 363/9 + (-4)/(-6). Suppose 3*r - s = 1. Calculate the greatest common divisor of 7 and r.
7
Let n(y) = 37*y - 6. Let s be 8/(-10)*105/(-14). Let a be n(s). Suppose 5*z = z + a. Calculate the highest common divisor of 6 and z.
6
Suppose -5*x - 302 = -3*j, 0 = -0*j - 3*j - 2*x + 295. Let d be 4/10 - ((-424)/(-10))/(-4). What is the greatest common factor of d and j?
11
Let u = 20 + -18. What is the greatest common factor of u and 5?
1
Suppose 0 = -2*a + 3*c + 51, 5 = a - 5*c - 31. Calculate the greatest common factor of 63 and a.
21
Suppose -3*g + u + 26 = 3, 3*g - 26 = -2*u. Calculate the greatest common divisor of g and 2.
2
Let b(p) = -29*p - 4. Let t be b(-4). Let s = 2 + 1. Suppose -60 + 18 = -s*z. What is the greatest common factor of z and t?
14
Let o = 40 + -29. Let n be 13/4 - (-2)/(-8). Suppose 0 = -7*y + n*y + 16, 310 = 3*p - 5*y. What is the greatest common factor of o and p?
11
Suppose 3*y - 19 - 29 = 0. Calculate the greatest common factor of 208 and y.
16
Suppose -5*f = h - 15, -3*f + 21 = -0*h + 3*h. Suppose h*n - 475 = -0*n. What is the highest common divisor of n and 19?
19
Suppose 4*n - 672 = -2*n. Suppose 0*f = -4*f + 64. Calculate the greatest common factor of f and n.
16
Suppose -r - 3*r + 644 = 0. Calculate the highest common factor of 23 and r.
23
Let k be (462/(-44))/((-3)/2). Calculate the highest common divisor of k and 63.
7
Let x be (-758)/(-8) + 4/16. Calculate the highest common factor of 19 and x.
19
Let z = 19 + -11. Suppose 0*d + 4*d = -4*v + 208, 2*d = v - 61. Suppose -m + 6*m = 5*u - 35, 0 = -5*u + m + v. What is the greatest common factor of z and u?
4
Suppose 2*r - f - 11 = 6, -3*r + 33 = -3*f. What is the greatest common divisor of 30 and r?
6
Suppose -5*k = -2*w + 1474, 4*k - 4*w + 1187 = -5*w. Let q = -156 - k. Let u = 0 - -14. What is the highest common divisor of u and q?
14
Let r(o) = -6*o**3 - o**2 - 2*o. Let b be r(-2). What is the highest common divisor of b and 6?
6
Suppose 4*t - 12 + 4 = -4*k, 3*k + 18 = 3*t. Suppose -t*x + 2*v = 3*v - 795, -4*v - 20 = 0. What is the greatest common factor of 20 and x?
20
Suppose -4*p = -16 - 12. Calculate the greatest common factor of 56 and p.
7
Let j(l) = -l**3 - 4*l**2 - 6*l - 5. Let q be j(-3). Calculate the greatest common factor of 8 and q.
4
Let t = 5 - 9. Let i = 11 + t. Calculate the greatest common divisor of i and 35.
7
Suppose 3*b - 33 =